525/(-35) is divided by 0 - (-6 + w - 1).
4
Let g = 645 - -485. Calculate the remainder when g is divided by 54.
50
Let y = -27 + 21. Suppose 0 = -3*d - 2*a + 31, 5*d - 37 = 3*a + a. What is the remainder when (8/6)/(y/(-99)) is divided by d?
4
Let m = 13 + 140. Calculate the remainder when m is divided by 7.
6
Let d = 131 + -50. What is the remainder when d is divided by 14?
11
Calculate the remainder when (376/(-20))/(10/(-25)) is divided by 16.
15
Suppose -8 - 4 = -6*s. Suppose -4 = -s*t + 4*g, -t + 4*g + 0 - 2 = 0. What is the remainder when 59 - t*(-5)/10 is divided by 16?
14
Let z(f) = -42*f - 73. What is the remainder when z(-4) is divided by 16?
15
Suppose -t = -3*t + 4. Let g(a) = 2*a**2 + 5*a + 8. What is the remainder when g(-4) is divided by 1/(-1)*(t - 9)?
6
Suppose 0 = 2*l - 5*l + 72. Let o = -2061 + 2180. What is the remainder when o is divided by l?
23
Suppose -3*h = 2*u - 5*h - 136, -4*h + 304 = 5*u. Calculate the remainder when u is divided by 17.
13
Suppose -9*q - 210 + 768 = 0. Calculate the remainder when 175 is divided by q.
51
Suppose -2*l = 3*q + l - 3, 2*l - 4 = -3*q. Suppose q*y - 2 = 18. Suppose y = -4*h + 126. What is the remainder when h is divided by 15?
14
Suppose -9*z = -119*z + 9350. Let p(k) = k**3 + 8*k**2 + 8*k + 5. What is the remainder when z is divided by p(-6)?
27
Suppose 28*x = 21*x - 63. Let n(a) = 5*a + 46. Calculate the remainder when 6 is divided by n(x).
0
Let r be 21/(-14)*(-40)/6. Let f = 14 - r. Let g(c) = c**3 - 3*c**2 - 2*c + 3. What is the remainder when 43 is divided by g(f)?
10
Suppose 29*o - 760 + 180 = 0. What is the remainder when o is divided by (-4)/6*(-54)/3?
8
Let k be (-1)/(2 - (-25)/(-10)). Let v(b) = -6*b - 3. Let z be v(k). Calculate the remainder when 39*(-3 + (-50)/z) is divided by 7.
6
Let m(d) = 38*d**3 + d - 1. Let f be m(1). Calculate the remainder when 75 is divided by (6/4)/(3/f).
18
Let p = -1 - -5. Let f = -88 - -88. Let l(k) = k**3 - 2*k**2 - k + 6. What is the remainder when l(f) is divided by p?
2
What is the remainder when (5/3)/((-42)/(-882)) is divided by 19?
16
Suppose 1198 = 32*o - 306. Calculate the remainder when o is divided by 17.
13
Calculate the remainder when (-1)/(-3) - (-3880)/15 is divided by 68.
55
Let l = 41 - 43. What is the remainder when 37 is divided by (-256)/(-20) - l/10?
11
Let m(k) = -4*k**2 - 48*k - 38. Calculate the remainder when m(-8) is divided by 3.
0
Suppose 2*f + 1 = -4*y + 61, -3*f + 6 = 0. Let x = 10 + -24. Let c = 41 + x. Calculate the remainder when c is divided by y.
13
Let f(n) = n**2 - 44*n + 578. What is the remainder when f(32) is divided by 95?
4
Let w = -91 - -96. Calculate the remainder when 47 is divided by w/(-15) + (-31)/(-3).
7
Suppose -3*q + 17 + 46 = 0. Calculate the remainder when q is divided by 15.
6
Let o = -660 + 736. What is the remainder when 303 is divided by o?
75
Let j(a) = -a**2 + 11*a - 9. Let h be j(9). Suppose -5*p - 276 = -h*p. Calculate the remainder when p is divided by 19.
12
Let f(s) = -134*s - 111. Suppose -2 = 2*y, -2*n + 6*n - y = 53. What is the remainder when f(-1) is divided by n?
10
Suppose -4*j + 303 = 4*l + l, 74 = j + 3*l. What is the remainder when j is divided by 27?
23
Let u = 7 + -5. Suppose -f + 4*f - 4*l + 2 = 0, -4*l = -5*f + u. Suppose -3*n = -f*y - 10, 2*y - 6 = -4*n - 2. What is the remainder when 5 is divided by n?
1
Let h(c) = c**2 - c - 8. Suppose -m - 14 = m - 4*u, 5*m + 5*u + 35 = 0. What is the remainder when h(m) is divided by 10?
8
Let g(x) = -x**3 - 4*x**2 - 6*x - 14. Calculate the remainder when g(-8) is divided by 49.
45
Let s = 414 - 288. What is the remainder when s is divided by 46?
34
Suppose -3*l + 9*n = 10*n - 42, -2*n = -2*l + 20. Let h be (1 - (-2 - -4))*9. Calculate the remainder when 31 is divided by (1 - l)*6/h.
7
Suppose 76*y = 103 + 353. Calculate the remainder when 52 is divided by y.
4
Let a(i) = -5*i - 37. Suppose 4*u + 75 = -5*s + 5*u, 2*s + 5*u + 30 = 0. Calculate the remainder when a(s) is divided by 10.
8
Let u(r) = -r + 1. Let q be u(-1). Suppose -q*z = -163 - 27. What is the remainder when z is divided by 32?
31
Suppose -u - 3 = -2. Let a(r) = -8*r - 41. What is the remainder when u - -3 - (-10 - -1) is divided by a(-6)?
4
Suppose t - 15*q + 11*q = 83, 4*t - 388 = 2*q. What is the remainder when t is divided by 17*(-2 - -1 - -2)?
14
Let g be (-5)/(10/18)*(-17 - 4). Let a = g + -113. Calculate the remainder when a is divided by 10.
6
Let k(g) = g**3 - 7*g**2 + 4*g - 8. Let r be k(7). Let b be (r/(-12))/((-1)/3). Calculate the remainder when 22 is divided by 42/b + 12/(-30).
6
Suppose 0*f - 5*f + 4*y = 2, -18 = -3*f - 4*y. Suppose 0 = 3*s + 4*i - 34, -f*s + 25 = i + 4*i. Let v = s - 3. What is the remainder when 25 is divided by v?
4
Let m(l) = -3*l. Let y be m(2). Let h = 65 + y. What is the remainder when h is divided by 21?
17
Let c = -15 + 20. Suppose 6*x + 0*x = 72. What is the remainder when x is divided by c?
2
Suppose 42 = -5*x + 272. Suppose -31*b + 235 + 292 = 0. What is the remainder when x is divided by b?
12
Suppose -4*v - 38 = -d - v, 3*v = 2*d - 73. Let w(q) = q**3 + 5*q**2 + 7*q + 7. Let a be w(-5). What is the remainder when d is divided by (-130)/(-14) + 8/a?
8
Suppose -2*h = -2*p + 6, p + p - 5*h = 3. Let x be p/22 - 1374/(-66). Let t = -6 + x. What is the remainder when t is divided by 4?
3
Suppose 51*k = 1050 + 735. Calculate the remainder when 171 is divided by k.
31
Suppose -193*b = -228*b + 2100. Calculate the remainder when 598 is divided by b.
58
Calculate the remainder when -2 + 636 - (-14 + 20) is divided by 42.
40
Let u = 11 - 6. Let b = 7 - 5. Suppose -24 = -2*o + b*s, 4*o - s - 48 = -4*s. What is the remainder when o is divided by u?
2
What is the remainder when -2 - (13/2)/(2/(-60)) is divided by 28?
25
Calculate the remainder when (50/(-30))/((-5)/3357) is divided by 80.
79
Suppose -4*s = -20, -3*u - 163 = -0*s - 2*s. Let a = u - -81. What is the remainder when 89 is divided by a?
29
Let k = 14 - 12. Suppose -61 = -5*h + i, 0 = -2*h + i + 20 + k. Calculate the remainder when 24 is divided by h.
11
Let m(g) = 10*g + 528. Calculate the remainder when 481 is divided by m(-43).
89
Let j = 4 - 11. Let a = 11 - j. What is the remainder when 71 is divided by a?
17
Suppose 4*n + 3*v = 71, 4*n + 4*v = 58 + 14. Let p = 1917 + -1906. Calculate the remainder when n is divided by p.
6
Suppose -2*b + 22 = -2. Let d = 125 + -123. What is the remainder when b is divided by (1 - d) + (10 - 1 - 4)?
0
Let a = 17 + -5. Let i(o) = -o**2 + 12*o + 12. Let n be i(a). What is the remainder when n/18*237/2 is divided by 27?
25
Suppose 7*y + 477 = 10*y. Suppose -3*x + d = -207 - y, -3*x - d = -360. What is the remainder when x is divided by 41?
39
Let u = -857 + 984. What is the remainder when u is divided by 22?
17
Suppose -3*o + 7*o - 68 = 0. Let k = -6 + o. Suppose n + k = 26. Calculate the remainder when 57 is divided by n.
12
What is the remainder when 53 is divided by (418/95)/(2/5)?
9
Suppose 2*k + 5*n - 47 = -0*k, 0 = k - 5*n - 31. Let a(f) = -51*f - 1. Calculate the remainder when a(-2) is divided by k.
23
Suppose 0 = 5*b + 2*k - 974 - 24, -3*b - 4*k + 596 = 0. Calculate the remainder when b is divided by 67.
66
Let n(w) = w**2 + 2*w + 9. Suppose -3*t - 129 = -516. What is the remainder when t is divided by n(-6)?
30
Suppose 5*d = -l - 2 - 0, 12 = 3*d + 5*l. What is the remainder when 10 is divided by 1/(-4*d/24)?
4
Let p be 3/2*(11 + 3). Let v = p - 14. Suppose 287 = q + 255. What is the remainder when q is divided by v?
4
Calculate the remainder when 209 is divided by ((-28)/35)/(14/(-735)).
41
Let c be 8/2 - (-438 + -2). Suppose -96 = 6*d - c. Calculate the remainder when d is divided by 6/8 + 77/4.
18
Suppose 0 = 955*h - 964*h + 12393. Calculate the remainder when h is divided by 115.
112
Let q = -161 - -349. Let a = q - 74. What is the remainder when a is divided by 23?
22
What is the remainder when 63 is divided by (21/(-3) - -4) + 14?
8
Let m be (-5)/(5/81) - -1. Let g be (-7)/(42/m)*3. Suppose 85 = 4*k + 5*f, g = 2*k + k - f. What is the remainder when 43 is divided by k?
13
Let m(i) = -8*i - 593. Let d(o) = -o + 1. Calculate the remainder when m(-75) is divided by d(-3).
3
Let z = 1546 + -1418. What is the remainder whe